inder when 77734939 is divided by 6940?
6939
Calculate the remainder when 59269365 is divided by 637305.
0
Calculate the remainder when 110544 is divided by 8166.
4386
Calculate the remainder when 15003779 is divided by 44.
43
Calculate the remainder when 79110302 is divided by 26.
24
Calculate the remainder when 304736 is divided by 2651.
2522
Calculate the remainder when 5760811 is divided by 2880383.
45
Calculate the remainder when 10066913 is divided by 107.
32
What is the remainder when 158749 is divided by 157759?
990
Calculate the remainder when 101973 is divided by 1731.
1575
What is the remainder when 3800189 is divided by 1266682?
143
What is the remainder when 147904 is divided by 5576?
2928
Calculate the remainder when 1227767 is divided by 231.
2
What is the remainder when 154866 is divided by 1535?
1366
Calculate the remainder when 77536155 is divided by 42.
39
Calculate the remainder when 3058835 is divided by 2039.
335
Calculate the remainder when 5818055 is divided by 1173.
1148
What is the remainder when 54766737 is divided by 18255579?
0
What is the remainder when 380062 is divided by 125826?
2584
What is the remainder when 4282455 is divided by 502?
395
What is the remainder when 4051554 is divided by 63?
24
Calculate the remainder when 522238 is divided by 367.
364
What is the remainder when 1003845 is divided by 297?
282
Calculate the remainder when 1541495 is divided by 6588.
6491
What is the remainder when 118031 is divided by 57441?
3149
Calculate the remainder when 513901 is divided by 1301.
6
Calculate the remainder when 9183730 is divided by 205.
140
What is the remainder when 93417450 is divided by 9?
6
What is the remainder when 30145 is divided by 2501?
133
What is the remainder when 69656 is divided by 852?
644
What is the remainder when 1486567 is divided by 26?
17
What is the remainder when 12111441 is divided by 975?
966
What is the remainder when 8322776 is divided by 815?
811
Calculate the remainder when 215398 is divided by 723.
667
What is the remainder when 85461 is divided by 1517?
509
Calculate the remainder when 3181751 is divided by 17.
14
What is the remainder when 1950063 is divided by 6771?
15
What is the remainder when 518004 is divided by 64746?
36
What is the remainder when 13860316 is divided by 129?
40
Calculate the remainder when 132208 is divided by 9417.
370
What is the remainder when 2121573 is divided by 75770?
13
Calculate the remainder when 551152 is divided by 543.
7
What is the remainder when 64548 is divided by 1104?
516
Calculate the remainder when 8107665 is divided by 2702390.
495
Calculate the remainder when 35041049 is divided by 2864.
9
What is the remainder when 57012888 is divided by 154?
86
What is the remainder when 267686 is divided by 133700?
286
Calculate the remainder when 57906 is divided by 921.
804
What is the remainder when 165766 is divided by 207?
166
What is the remainder when 86160 is divided by 8555?
610
Calculate the remainder when 1014472 is divided by 211.
195
What is the remainder when 30824513 is divided by 2802227?
16
What is the remainder when 4481869 is divided by 448186?
9
Calculate the remainder when 646059394 is divided by 614.
612
Calculate the remainder when 990621 is divided by 987131.
3490
What is the remainder when 330810 is divided by 277?
72
What is the remainder when 15989002 is divided by 10840?
2
Calculate the remainder when 2190767 is divided by 14605.
17
Calculate the remainder when 91918 is divided by 91744.
174
Calculate the remainder when 3171313 is divided by 18765.
28
What is the remainder when 148475 is divided by 2362?
2031
Calculate the remainder when 294565 is divided by 147243.
79
Calculate the remainder when 13024822 is divided by 82.
24
Calculate the remainder when 8949420 is divided by 4.
0
What is the remainder when 80199377 is divided by 291634?
27
Calculate the remainder when 1265292 is divided by 98.
14
What is the remainder when 667430 is divided by 534?
464
Calculate the remainder when 71478 is divided by 6514.
6338
What is the remainder when 55151450 is divided by 130?
120
Calculate the remainder when 119740 is divided by 59646.
448
Calculate the remainder when 1450588 is divided by 725282.
24
What is the remainder when 588510 is divided by 377?
13
Calculate the remainder when 1176042 is divided by 168000.
42
Calculate the remainder when 12749468 is divided by 671023.
31
What is the remainder when 3706845 is divided by 3706844?
1
What is the remainder when 6485 is divided by 6014?
471
Calculate the remainder when 7498530 is divided by 39.
0
What is the remainder when 5708446 is divided by 96?
94
What is the remainder when 229041949 is divided by 62?
61
What is the remainder when 247947505 is divided by 74?
71
Calculate the remainder when 156018023 is divided by 561.
557
Calculate the remainder when 242434 is divided by 22033.
71
Calculate the remainder when 4309948 is divided by 50.
48
Calculate the remainder when 937676 is divided by 343.
257
Calculate the remainder when 352670 is divided by 188.
170
What is the remainder when 2960142 is divided by 1583?
1515
Calculate the remainder when 26598060 is divided by 1329900.
60
Calculate the remainder when 67797 is divided by 382.
183
What is the remainder when 206905 is divided by 1099?
293
What is the remainder when 74909234 is divided by 1269648?
2
Calculate the remainder when 26879164 is divided by 155.
149
What is the remainder when 322699 is divided by 7957?
4419
What is the remainder when 133491376 is divided by 34?
32
What is the remainder when 418663407 is divided by 885?
882
Calculate the remainder when 9517797 is divided by 50.
47
Calculate the remainder when 5165384 is divided by 78.
68
What is the remainder when 2295487 is divided by 13996?
143
Calculate the remainder when 12164631 is divided by 296698.
13
Calculate the remainder when 170518919 is divided by 2860.
2859
What is the remainder when 922269 is divided by 17?
2
Calculate the remainder when 14805840 is divided by 68.
64
Calculate the remainder when 667658 is divided by 3533.
3454
Calculate the remainder when 1264397446 is divided by 553.
550
Calculate the remainder when 249843 is divided by 748.
11
What is the remainder when 2906567 is divided by 93753?
224
Calculate the remainder when 24724 is divided by 2922.
1348
Calculate the remainder when 17750548 is divided by 3550107.
13
What is the remainder when 2626950 is divided by 2217?
2022
What is the remainder when 4601094 is divided by 57?
54
Calculate the remainder when 63238702 is divided by 161.
156
What is the remainder when 126279 is divided by 1189?
245
Calculate the remainder when 1340579 is divided by 417.
341
What is the remainder when 12780759 is divided by 85?
74
What is the remainder when 6335705 is divided by 4149?
182
What is the remainder when 1824847 is divided by 1258?
747
Calculate the remainder when 1808766 is divided by 60292.
6
What is the remainder when 3306808 is divided by 4082?
388
Calculate the remainder when 8281748 is divided by 2070435.
8
What is the remainder when 163809 is divided by 26525?
4659
What is the remainder when 2218982 is divided by 554712?
134
Calculate the remainder when 6300269 is divided by 575.
569
What is the remainder when 53121690 is divided by 16?
10
Calculate the remainder when 609420 is divided by 55401.
9
What is the remainder when 3383237 is divided by 3215?
1057
Calculate the remainder when 11812338 is divided by 5906168.
2
What is the remainder when 2324116 is divided by 1429?
562
Calculate the remainder when 211738826 is divided by 14.
12
Calculate the remainder when 59417 is divided by 58439.
978
What is the remainder when 294811 is divided by 58878?
421
What is the remainder when 145471 is divided by 667?
65
Calculate the remainder when 2500168 is divided by 1396.
1328
What is the remainder when 1022331 is divided by 4295?
121
What is the remainder when 3485486 is divided by 3485485?
1
What is the remainder when 40530761 is divided by 13?
11
What is the remainder when 14231721 is divided by 1214?
1213
Calculate the remainder when 155710 is divided by 1922.
28
What is the remainder when 431708 is divided by 234?
212
Calculate the remainder when 1837599 is divided by 61243.
309
What is th